(-5)/(-25). Suppose 0*o + z*o - 840 = 0. Calculate the highest common factor of o and h.
35
Let o = 283 + -280. Suppose -57 = -o*z + 27. What is the highest common factor of 12 and z?
4
Let u(s) = -226*s - 17. Let l be u(-5). What is the greatest common divisor of l and 21?
21
Let b be 32/2 + 12/2. Suppose 24*n = b*n + 270. Calculate the highest common factor of n and 30.
15
Let m = -569 - -571. Suppose -m*n - 5*l = -459, 3*l + 237 = n + 35. Calculate the highest common divisor of n and 14.
7
Suppose y = -4*y + 10. Suppose 13*j = 15*j + y. Let v be 4 + j + (49 - 3). Calculate the highest common factor of v and 7.
7
Let b be ((-3)/2 - 1)/((-46)/92). Suppose 178 = 3*z - b*h, -h + 0 - 2 = 0. Calculate the highest common factor of z and 392.
56
Let k(a) = -37*a**3 - 3*a**2 + 267*a + 1649. Let f be k(-6). Calculate the highest common factor of f and 44.
11
Let k be (-84028)/(-16) + (-2)/32*-4. What is the greatest common divisor of 104 and k?
52
Let q(d) = 44*d + 3076. Let g be q(-34). Calculate the highest common factor of 180 and g.
20
Let a be 4863040/720 + (-2)/9. What is the greatest common divisor of a and 44?
22
Let m be ((-37774)/51)/(-1 + (-5)/(-15)). What is the greatest common factor of 33 and m?
11
Let g(p) = 3*p**3 - 5*p**2. Let c be g(4). Suppose 38*j - 21*j = 10472. What is the highest common factor of c and j?
56
Let f be 740/(-14) + (-2)/14. Let r be -5 - -1*1 - (-142 - f). What is the greatest common divisor of 17 and r?
17
Suppose -a = -5*z - 960, 0 = 3*a + 1537*z - 1532*z - 2960. What is the highest common factor of a and 1680?
140
Let t(z) = 7*z**2 - 21*z - 310. Let x be t(-7). Calculate the highest common factor of 1860 and x.
60
Suppose -58*q - 47*q = 15*q - 18*q - 1224. Suppose 4*d - 2*s + 15 = 3089, -s - 3073 = -4*d. What is the greatest common divisor of d and q?
12
Let j = 2267 - 2246. Let h be (-13)/((-4)/3 - -1). Suppose 3*b - 71 = -5*y + h, -100 = -3*b + 5*y. Calculate the highest common factor of j and b.
7
Let o be 1 + (2 - 1) + 58. Let t(g) = 55*g - 887. Let s be t(17). What is the greatest common factor of o and s?
12
Suppose 2*w = -2*c + 1306, -8*c - 2*w = -9*c + 668. What is the highest common factor of c and 1786?
94
Let d be (-14)/((-4)/(-10)*(1 + -6)). Suppose 3*g = -o + d*g - 31, -o - g = 41. Let w = o + 79. Calculate the highest common factor of w and 60.
20
Suppose -225*u + 231*u = 2052. Suppose a + u + 1268 = 4*g, 4*g - 1622 = -5*a. Calculate the highest common factor of 26 and g.
13
Suppose k + 703 = 4*s, -8*k = -2*s - 11*k + 355. What is the highest common factor of s and 368?
16
Let i be (-1253)/(-105) - 18/(-270). What is the greatest common divisor of i and 4404?
12
Let p(y) = 3*y - 31. Let h be p(10). Let q be h/(-6) + 1042/12. What is the highest common divisor of 3 and q?
3
Let l(k) = 4*k**3 + 6*k**2 - 6*k + 2. Let u be l(3). Calculate the greatest common divisor of 10 and u.
2
Let b(l) = -36*l + 9. Let n be b(-3). Let g(r) = 30*r - 317. Let z be g(11). What is the greatest common factor of z and n?
13
Let h be (-6)/(-8) - 27/(-12). Suppose 2*k + 4*i = -136, -7*k + 2*k - 327 = -h*i. Let r = k + 75. Calculate the greatest common divisor of 171 and r.
9
Suppose -u + 3*b = -377, 2*u - b - 259 = 500. What is the greatest common factor of 220 and u?
20
Suppose 230 = 5*k + 4*q, -4*q + 38 = k - 24. Let t be (8 - 4) + -6 + 333. Let z = t + -325. Calculate the highest common factor of k and z.
6
Suppose 4*p - 194 = 2*t, -3*p - 4*t + 76 + 64 = 0. Let o be -1*(-5 + 8) + p. Suppose -2*j = -6 - 0. What is the greatest common divisor of j and o?
3
Suppose 73*a - 136411 = -13844. Calculate the greatest common factor of 115 and a.
23
Let f = -29 + 73. Suppose -34 - 68 = -3*l + r, l + 5*r = 18. Let v be (l/11)/(-4*(-9)/1320). What is the greatest common factor of f and v?
22
Let k(c) = 97*c + 18. Let a be k(-1). Let s be (-2 + -1 - -40)*3. Let w = s + a. Calculate the greatest common factor of 80 and w.
16
Let i(z) be the first derivative of 3*z**2/2 + 87*z + 25. Let m be i(-21). Calculate the highest common divisor of 16 and m.
8
Let i(z) = -z - 5. Let f be 2401/(-147) + 4/(-6). Let r be i(f). What is the highest common divisor of 33 and r?
3
Let l be ((-1404)/(-104))/(6/28). Let p be l/7*(30/9)/5. What is the greatest common divisor of p and 4?
2
Let y be 1*(-6 - -4)/((-6)/99). Let h(z) = -3*z. Let j be h(-1). Suppose c + 2*x = 22, 4*x = j*c - 6*c + 66. What is the highest common factor of y and c?
11
Suppose 9 = 11*q - 13. Suppose 2*s - 58 = 3*c, 0 = 3*s + q*c + c - 102. What is the highest common divisor of 256 and s?
32
Let y(m) = 2*m**3 - 5*m**2 + 5*m + 28. Let v be y(7). Let x be (-324)/21*v/(-27). Calculate the greatest common divisor of 32 and x.
32
Let v = 3566 - 3389. Calculate the greatest common factor of 1003 and v.
59
Suppose -23 + 67 = 4*j. Let r be 26 + 1 + (3 - -1). Suppose 57 + r = l. Calculate the greatest common factor of l and j.
11
Suppose 3*w + 46 = -d + 4, 2*w + 5*d = -15. Let p = 18 - w. Calculate the greatest common divisor of p and 561.
33
Suppose -3*l - 4 = -10. Suppose -5*a - 2*p + 45 = 0, 9*a + p = 10*a - l. Calculate the highest common divisor of a and 7.
7
Let m = -28970 + 43810. Calculate the greatest common factor of 840 and m.
280
Suppose -1259*l = -1257*l - 10. Suppose -65 - 30 = -y. What is the highest common divisor of l and y?
5
Let q be (19/(-3))/((-74)/3552). What is the greatest common factor of 38 and q?
38
Let u be (-8)/6 + 50/15 + 1972. Calculate the greatest common factor of u and 28.
14
Suppose 32*m - 5194 - 656 = 19*m. Calculate the greatest common divisor of m and 480.
30
Let s(h) = 15*h**2 + 135*h - 4. Let o be s(-10). Calculate the greatest common divisor of o and 1606.
146
Let u(h) = -38*h**2 + 1 - 119 + h**3 + 40*h + 18. Let a be u(37). What is the greatest common divisor of 176 and a?
11
Let m(y) = -39*y - 2*y - 42 + 2*y**2 + 4*y. Let b be m(21). Suppose 4*d - 27 = 3*d. What is the highest common factor of b and d?
9
Suppose 0 = 8*u - 45 + 13. Let j be (15/(-10))/(28/8 - u). Let a(q) = 2*q**2 - 3*q + 2. Let o be a(2). What is the greatest common factor of j and o?
1
Suppose -28111 = -5*i + 3*l, 16*l - 11263 = -2*i + 11*l. What is the highest common factor of i and 76?
76
Let z = -585 + 316. Let a = 436 + z. Let y = 299 - a. Calculate the highest common factor of y and 12.
12
Let z = 142 - 128. Let k be ((-80)/40)/(2/(-4)). Calculate the highest common factor of k and z.
2
Let a be (1284/8)/(9/18). Suppose 3*k - 1380 - a = 0. What is the greatest common factor of 21 and k?
21
Suppose -26 - 226 = -14*n. Let a = -14 + 20. Suppose -4*i + l - 2*l + a = 0, l = -i. What is the highest common factor of n and i?
2
Let f(g) = 8000*g**3 + 3*g**2 - 5*g + 2. Let i be f(1). Calculate the highest common divisor of i and 50.
50
Let x = 2214 + -2014. Calculate the greatest common divisor of 125 and x.
25
Suppose 3*u + u = 16. Suppose 454 = u*f - 294. Suppose 1156 = 34*g - 0*g. What is the highest common factor of f and g?
17
Let s be (63/(-4))/((-1)/48). Suppose 4*q + 2*w - 1311 = -645, -5 = 2*w + 1. Calculate the highest common divisor of q and s.
84
Suppose -570*l - 324 = -606*l. Suppose 3*k - 6 = -5*t + 5, -3*t - k + 9 = 0. Calculate the highest common divisor of t and l.
1
Suppose -20 = 4*v, y - 5*v + 0 - 121 = 0. Let c = -978 + 990. What is the greatest common divisor of y and c?
12
Suppose 4214 + 986 = -4*p. Let c be p/110 - (-4)/(-22). Let f be 113 - (c/(-3) - -1). Calculate the highest common factor of 12 and f.
12
Let p(o) = -o**3 + 79*o**2 + 178*o - 521. Let g be p(81). Calculate the highest common divisor of 25 and g.
25
Let x be 21/35 + (-394)/(-10). Suppose -14423*j + 14414*j + 540 = 0. What is the highest common divisor of x and j?
20
Let y be (-3)/(((-40)/8)/(-10)) + 10240/1. Calculate the greatest common factor of 238 and y.
238
Let k = 2 - 14. Let z be 9/((-5)/(20/k)). Suppose -j - 2*i = 4*j - 138, 3*j - 66 = z*i. Calculate the highest common divisor of j and 39.
13
Suppose -13*b + 10*b + 16 = -v, 0 = 2*v + 8. Suppose -5*y + 38 = -4*m, m + 39 = b*y + 2. Calculate the highest common factor of 690 and y.
10
Let i = -3592 - -3652. What is the greatest common divisor of i and 1290?
30
Suppose -1896 + 184 = -8*r. Let a = r - -250. Calculate the greatest common 